et q = t - 17. What is the remainder when q is divided by 11?
10
Suppose 2*s + p + 0*p = 26, 0 = 2*p - 8. Let c = -9 - -13. Calculate the remainder when s is divided by c.
3
Let x be (0/1)/(1 + 0). Let c = 3 - x. Suppose -c*w = -7*w + 136. Calculate the remainder when w is divided by 9.
7
Let f be (-2)/(-1 - -3)*-2. Suppose -f*i = -6*i. Suppose i = -2*j - 0*j + 14. Calculate the remainder when 19 is divided by j.
5
Let i = -108 + 119. Calculate the remainder when 21 is divided by i.
10
Let n be ((-1)/(-1) + -2)*0. Suppose 3*z = z + 5*i + 48, n = 2*i. What is the remainder when z is divided by 9?
6
Let l(o) = 9*o - 1. Let c be (5 - 2) + 17 + 0. Let d = c + -11. What is the remainder when l(2) is divided by d?
8
Calculate the remainder when 17/1*(1 - 0) is divided by 6.
5
Let o = 109 + -78. What is the remainder when o is divided by 12?
7
Let d(j) = -6*j. Let x be d(-2). Let f = -7 + x. Suppose 40 = f*v - 0*v. What is the remainder when v is divided by 3?
2
Let g be 4/(-18) - (-454)/18. Suppose 0 = 2*u - g - 9. Calculate the remainder when (60/(-21))/((-2)/35) is divided by u.
16
Let h(i) = i**3 - 7*i**2 - 7*i + 6. What is the remainder when 40 is divided by h(8)?
12
Calculate the remainder when 1/((-118)/60 - -2) is divided by 11.
8
Suppose -19 = -2*f + 19. What is the remainder when 29 is divided by f?
10
What is the remainder when 4 + 1 + -3 + 20 is divided by 13?
9
Suppose 0*d - 137 = -5*d - 4*h, -4*d + 91 = -3*h. Suppose -f - 4*y = f - 30, -3*f + d = 2*y. Calculate the remainder when f is divided by 2.
1
Suppose -33 = -3*l - 4*c, 7*l - 2*c = 2*l + 81. Suppose -3*m - 54 = -138. What is the remainder when m is divided by l?
13
Let i = 40 + -27. What is the remainder when i is divided by 5?
3
Let h(j) be the second derivative of -j**4/12 + 7*j**3/3 - 2*j**2 + j. Calculate the remainder when h(8) is divided by 23.
21
Let y(p) = p**2 - 3*p + 3. Suppose 4*b + 0*b = 36. Calculate the remainder when (74/6)/(3/b) is divided by y(5).
11
Let v = 4 - -5. Let n = 12 - 7. What is the remainder when v is divided by n?
4
Suppose 4*n + n = 225. Let z = 4 + 20. Calculate the remainder when n is divided by z.
21
Suppose -10*r = -58 - 102. What is the remainder when r is divided by 3?
1
Let a = 46 - 15. Let w = 45 - a. Calculate the remainder when (12/(-3))/((-2)/13) is divided by w.
12
Let i be (12 + 1)*(-3 + 2). Let j = 0 - i. Let t = -56 - -94. Calculate the remainder when t is divided by j.
12
Let u = 12 - 7. Calculate the remainder when 8 is divided by u*((-1 - 0) + 2).
3
Let y(w) = w**2 - 4*w + 4. Let t be y(5). What is the remainder when 36*(-1 - (-15)/t) is divided by 13?
11
Suppose -4*l - 15 + 47 = 0. Let c(z) = -z + 11. What is the remainder when 10 is divided by c(l)?
1
Let c be 2 + 1 - (-1 + 39). Let w be c/(-21)*(0 + 3). Let p = 7 - w. What is the remainder when p is divided by 1?
0
Let t = -11 + 7. Let q(x) = -x**3 + 5*x - 3. What is the remainder when q(t) is divided by 14?
13
Suppose 3*j = -3*a + 93, 2*a - j = 40 + 28. What is the remainder when a is divided by 9?
6
Suppose 80 = 6*f - 2*f. Suppose 5*y - f = y. Suppose -5*x = -7 - 38. Calculate the remainder when x is divided by y.
4
Suppose d + 0*d = 0. Suppose 0 = -d*a + 4*a. Calculate the remainder when 4 is divided by (a + -2)*(-3 - -2).
0
Suppose -60 = -6*k + 2*k. What is the remainder when 58 is divided by k?
13
Suppose -7*v + 80 = 3. Let q = -39 + 71. Suppose -5*b = -q + 12. What is the remainder when v is divided by b?
3
Let d = 21 + -12. What is the remainder when d is divided by 3?
0
Suppose 30 = -0*r + 3*r. Let a(s) = -s**2 - 11*s - 9. Let b(w) = w**3 + 4*w**2 + 2*w + 1. Let l be b(-4). What is the remainder when a(l) is divided by r?
9
Calculate the remainder when 16 is divided by ((-18)/12)/((-1)/6).
7
Let q(n) = 10*n**2 - 3*n - 1. Calculate the remainder when q(4) is divided by 37.
36
Let y = 13 - -34. Calculate the remainder when y is divided by 12.
11
Let v = 33 - 20. What is the remainder when v is divided by (2/8)/(1/28)?
6
Let l(b) = 5*b - 8. What is the remainder when 20 is divided by l(4)?
8
Let m(h) = -h**3 + 12. What is the remainder when 6*3/(-6) + 38 is divided by m(0)?
11
Let y = 27 + 8. Calculate the remainder when y is divided by 12.
11
Suppose -4*g = 4*a, -32 = -5*g + 2*a + a. What is the remainder when 7 is divided by g?
3
Let v be 6/(-4)*(-30)/9. Let q = -3 + v. Suppose -3*r + 160 = q*r. Calculate the remainder when r is divided by 11.
10
Let t(i) be the first derivative of -i**4/4 + 3*i**3 + 11*i**2/2 - 6*i + 3. What is the remainder when 6 is divided by t(10)?
2
Let r = 3 + -2. Let f(b) = -2*b - 1. Calculate the remainder when f(-1) is divided by r.
0
Let a be (-14)/10 + 4/10. Let o be a - (-1 - 6) - 2. Calculate the remainder when 47 is divided by (o/(-5))/(1/(-20)).
15
Let k(h) = 17*h. Let m be k(-3). Let y = -25 - m. What is the remainder when y is divided by 9?
8
Let w(r) = 11*r**2 - r + 1. Suppose 5*x = 3*f + 27, 2*x - f - 3 = 7. Suppose 3*c + 0*c - x = 0. What is the remainder when w(c) is divided by 4?
3
Let f = 7 - 14. Let b = f - -81. What is the remainder when b is divided by 19?
17
Calculate the remainder when (1 - 6)*(-266)/19 is divided by 24.
22
Let z(h) = h - 2. Let a be z(2). Suppose a*k - 40 = -5*k. Let m = k + 2. Calculate the remainder when 19 is divided by m.
9
Let w = -50 - -146. Suppose -3*t + 10 = d - 17, 2*t = -5*d + w. Calculate the remainder when 52 is divided by d.
16
Let s be 8/2*1 + 2. Calculate the remainder when 310/s + 4/(-6) is divided by 13.
12
Suppose 5*g = 7 + 13. Let q(s) = 4*s - 3. What is the remainder when 37 is divided by q(g)?
11
Let y(t) = 11*t + 1. Let n be y(-1). Let z = -5 - n. What is the remainder when 14 is divided by z?
4
Suppose 0*f = 3*f - 54. Let u be ((-44)/(-6))/(6/f). Let x = -14 + u. Calculate the remainder when 14 is divided by x.
6
Let u(s) = 2*s**2 - 9*s + 7. Calculate the remainder when u(7) is divided by 9.
6
Suppose 17*u = 18*u - 11. Calculate the remainder when 75 is divided by u.
9
Calculate the remainder when 7 is divided by (90/(-36))/((-2)/4).
2
Calculate the remainder when (-1962)/(-24) - (-1)/4 is divided by 17.
14
Suppose p - 99 = -2*p. Suppose -26 = 2*z + 5*y, -1 + 11 = -5*y. Let t = 25 + z. What is the remainder when p is divided by t?
16
Suppose -3*r = 2*r + 10. Let k = -5 - r. Let z = k + 5. Calculate the remainder when z is divided by 1.
0
Let m = -66 + 99. What is the remainder when m is divided by 9?
6
Let m = 32 + -14. Calculate the remainder when m is divided by 7.
4
Let v(l) = -5*l + 2. Let a be v(2). What is the remainder when 3 is divided by 2*1 - a/(-8)?
0
Let u(o) = o + 49. What is the remainder when 70 is divided by u(-11)?
32
Suppose 4*m + 2*r = -0*m + 162, 18 = m + 5*r. Suppose -2*z + 20 = 2*o, o - 5*z + m = 5*o. Calculate the remainder when 27 is divided by o.
6
Let z = 2 - -9. Suppose 4*m = 4*s - 168, 0 = 6*s - 2*s - 5*m - 168. Calculate the remainder when s is divided by z.
9
Suppose 0 = 5*f - 4*b - 125, 6*f = 3*f - 4*b + 43. Let l(g) = -7*g - 23. What is the remainder when f is divided by l(-5)?
9
Let i(n) = 6*n**3 - n**2 + 2*n - 1. Let p be i(1). Let c = p + 5. What is the remainder when c is divided by 3?
2
Suppose 0 = 3*u - h - 14, 2*h - 5*h = 2*u - 24. Suppose 2*v - u = 30. What is the remainder when v is divided by 7?
4
Suppose 5 = -4*d + 5*d. Suppose -108 = -5*v - 2*m, -3*m + 49 = d*v - 58. What is the remainder when v is divided by 8?
6
Let i(f) = 36*f + 4. What is the remainder when i(1) is divided by 22?
18
Let v = 17 - -13. What is the remainder when v is divided by (-12)/((-2)/(-4) - 2)?
6
What is the remainder when ((-2)/5)/(13/(-1040)) is divided by 10?
2
Let q = -4 - -4. Let i be q + 1/2*0. Suppose i = 3*a + 2*a - 90. What is the remainder when a is divided by 10?
8
Suppose -69 = 3*z - 21. Let t = z + 22. Let o(r) = -r**3 - 6*r**2 - 3*r - 2. Calculate the remainder when o(-6) is divided by t.
4
Suppose 3*y = 4*r + 19, -2*y + 2*r + 14 = -0*y. Let m = 275 - 270. What is the remainder when y is divided by m?
4
What is the remainder when 179 is divided by 18/1 - (16/4 - 0)?
11
Let f(b) = b**2 + 33. Calculate the remainder when 130 is divided by f(0).
31
Suppose -1 + 14 = h. Calculate the remainder when -1 - (1*114)/(-3) is divided by h.
11
Suppose -118 = -3*